re the prime factors of i?
2, 17, 101
Suppose 0 = 2*d - 2*z + 2, -2*d + 9 = -6*d + 5*z. Suppose d*n + 3*a = n + 735, -3*a - 987 = -4*n. List the prime factors of n.
2, 3, 41
Let d = 14 + -14. Suppose d = -8*x + 5*x + 72. List the prime factors of x.
2, 3
Let n(z) = -3*z**2 + 5*z + 16. Let s be n(6). Let k = 52 - s. List the prime factors of k.
2, 3, 19
Suppose 4*k + 451 = i, 0 = -7*i + 10*i - k - 1353. What are the prime factors of i?
11, 41
Suppose 7*k - 5*k + 3*r = 743, 0 = 2*k - 2*r - 748. List the prime factors of k.
373
Suppose 9*c = 7*c. Suppose 5*h + 77 = t - c*t, -4*t = h - 266. What are the prime factors of t?
67
Let d = -22 - -32. Let c = d - -9. List the prime factors of c.
19
Let p(n) = 5*n + 1. Let q be p(-1). Let j be q/(2*1/(-2)). Suppose 3*t + 0*g = -g + 76, -g - 92 = -j*t. What are the prime factors of t?
2, 3
What are the prime factors of (-3 - -4) + (-525)/(-3)?
2, 11
Let v = 269 + 652. What are the prime factors of v?
3, 307
Let d be -3*1/15 + (-16)/(-5). Let h = d - -92. List the prime factors of h.
5, 19
Suppose 0 = -2*c - 2*y + 908, 2*c + c = 5*y + 1386. List the prime factors of c.
457
Let j = -16 + 113. What are the prime factors of j?
97
What are the prime factors of (2035 + 7 + 3)*4/5?
2, 409
Let n = 232 - 118. Suppose -111*d - 459 = -n*d. What are the prime factors of d?
3, 17
Let d(s) = 3*s**2 + 1. Let p(j) = -j + 10. Let q(v) = 3*v - 20. Let n(o) = -9*p(o) - 4*q(o). Let h be n(-4). List the prime factors of d(h).
13
Let a(m) = m**3 - 5*m**2 + 17*m + 6. What are the prime factors of a(11)?
919
Suppose x - 7*x = -36. Suppose 4*a - 237 = -3*h, -21 = -5*a - x. Let u = h - 38. List the prime factors of u.
37
Let w = -126 - -201. What are the prime factors of w?
3, 5
Suppose 7*r - 21255 = -6*r. List the prime factors of r.
3, 5, 109
Let u = -34 - -34. Suppose u*i - i - 4*c + 110 = 0, 2*c + 302 = 3*i. List the prime factors of i.
2, 3, 17
Let x(a) be the second derivative of a**4/4 - 5*a**3/3 - 12*a**2 + 12*a. What are the prime factors of x(-5)?
101
Suppose -b + 10*b - 13509 = 0. Suppose -12*d = -b - 83. List the prime factors of d.
2, 3, 11
Suppose -63*r + 67935 = -159054. What are the prime factors of r?
3, 1201
Let q = 7 + -8. Let x(y) = -13*y**3 - 2*y**2 - 3*y - 1. List the prime factors of x(q).
13
Let q(j) = -47*j**2 - j - 2. Let v be q(-1). Let h = v - -155. What are the prime factors of h?
107
Suppose 37228 + 10300 = 26*f. List the prime factors of f.
2, 457
Suppose -40 = 6*z + 224. Let b = z - -75. What are the prime factors of b?
31
Let i(p) = -32*p - 7. Let z be i(2). Let q = z + 234. List the prime factors of q.
163
Suppose 0*d + 5*d - 2315 = 0. Suppose 4*g + 32 = -5*r + d, 5*g - 2*r - 580 = 0. List the prime factors of g.
2, 3, 19
Suppose 7*i = 3359 + 1037. Let z = i - 415. What are the prime factors of z?
3, 71
Let q = 43 - -21. Let n = q - -4. What are the prime factors of n?
2, 17
Let b(x) = 45*x + 21. Let g be b(6). Suppose -5*j + g = -2*j. What are the prime factors of j?
97
Suppose t = -l + 4, 0*l + 2 = 3*t + 5*l. Suppose t = -f + 6. Let g(z) = z**3 + 5*z**2 + 1. List the prime factors of g(f).
19
Suppose 4*z - 67 = 441. List the prime factors of z.
127
Let b(j) = 23*j**2 - 10 - j**3 - 8*j - 10 - 7*j. What are the prime factors of b(22)?
2, 67
Let a be (-5)/10*2 - -120. Suppose 0 = -2*l + 3*m + a, l - 5*m - 6 = 36. List the prime factors of l.
67
Let q(m) = m - 3*m + 0*m - 1 - 19*m**2 + 0*m. Let a be q(-1). List the prime factors of 4/(-18) + (-364)/a.
2, 5
Let k = 0 + 5. Suppose 0 = -w + k*w - 4*d - 12, 5*w + 5*d = 25. List the prime factors of 4 + ((-68)/(-4) - w).
17
Let i be (16/(-20))/((-1)/10). Let s be 0*(-2)/((-8)/(-4)). Let x = i + s. List the prime factors of x.
2
Let c be 6/9 + (-364)/6. Let f = c - -87. What are the prime factors of f?
3
Suppose 91*w - 103*w + 4824 = 0. List the prime factors of w.
2, 3, 67
Suppose -w - 17*l - 2540 + 7922 = 0, 4*l - 5317 = -w. What are the prime factors of w?
5297
Let y be ((-102)/(-4))/((-3)/(-20)). Let p = y - 99. Let a = p + -42. What are the prime factors of a?
29
Let j(w) = 185*w - 90*w - 90*w + 11 + 8. Let c = 25 + -17. List the prime factors of j(c).
59
Suppose 175 + 357 = -7*p. What are the prime factors of (-4)/(0 - 2 - p/39)?
2, 3, 13
Let c(l) = -l**2 + 7. Let j be c(0). Let g = j + -12. Let n(x) = -3*x + 6. What are the prime factors of n(g)?
3, 7
Suppose -24 + 14 = 2*j. Suppose 5 = 2*t + i - 56, 5*t - 2*i - 130 = 0. Let n = t + j. What are the prime factors of n?
23
Let x = -70 - -67. Let o(t) = -6*t**3 - 5*t**2 - 3*t - 2. What are the prime factors of o(x)?
2, 31
Let b(o) = 2*o**2 - 3*o + 1. Let j be b(-9). Let d be j/6 - 1/(-3). Suppose -5*m + m - 2*x = -d, -28 = -2*m + 5*x. What are the prime factors of m?
3
Let h(s) = -11*s**2 - 55*s + 113. Let p(m) = 7*m**2 + 37*m - 75. Let a(c) = -5*h(c) - 8*p(c). List the prime factors of a(-17).
103
Let c be (-1)/3*60/(-20). List the prime factors of 2 + c + (2 + 33)*4.
11, 13
Let b(q) = 4*q + 3. Let p be b(1). Suppose 3*k - 5*g + 85 = p*k, -30 = -k - 3*g. List the prime factors of k.
3, 5
Let f(k) = k**3 - 6*k**2 + 3*k + 5. Let t be f(6). Suppose -t - 117 = -4*z. What are the prime factors of z?
5, 7
Let q(m) = 5*m + 4*m - 13*m + 29*m**2. Let i be q(-2). Suppose 13*r = 11*r + i. List the prime factors of r.
2, 31
Let k(g) = 27*g + 9. Let m be k(7). Suppose -t = 5*w - m, -5*t - 8 = -t. Let h = w + -21. List the prime factors of h.
19
Let s(o) = 37*o - 1. Let r be s(4). Suppose 0 = 3*d + 3*j - r, -133 = -2*d - 0*j + 5*j. Suppose 4*f - 5*f + d = 0. List the prime factors of f.
2, 3
Let l(o) = 4*o - 10. Let k be l(3). Suppose 2*n - 4*f - 16 = 0, -3*n + 0*f = -k*f - 12. Suppose -n*d + 4*d - 36 = 0. What are the prime factors of d?
2, 3
Suppose 3*f - 73 - 24 = 5*k, -5*k - 73 = -2*f. Let p be ((-4)/(-8))/(4/f). Let d = 41 + p. What are the prime factors of d?
2, 11
Suppose 2*x + 3*m = 7834, 5*x + 5*m - 19248 = 337. List the prime factors of x.
3917
Let u be 2/8*8 + -1*3. List the prime factors of (5 + -1)/(2/(u - -53)).
2, 13
Suppose 48*w - 9 = 45*w. Suppose -398 = -4*l + 5*b, l - 93 = w*b + 3. What are the prime factors of l?
2, 3, 17
Suppose -4*n - 5*s = -601, 0*s - 5 = -s. Let u = n + -35. Let v = u + -68. What are the prime factors of v?
41
What are the prime factors of -5 + 80*(236/20 - 5)?
7, 11
Let q = -13 + 17. Suppose w - r = 20, 0*w + w - q = 5*r. Suppose -5*c = -c - w. List the prime factors of c.
2, 3
Suppose 20 = 14*b - 9*b. Let q(m) = m**2 - 6. Let t be q(5). Suppose b*z - 9 - t = 0. List the prime factors of z.
7
Let c(p) = 2*p**2 - 2*p - 5. Let d be c(-4). Let v be ((-588)/d)/((-2)/10). Let k = v + -36. What are the prime factors of k?
2, 3
Let o be 4/(-22) - 8/(-44). Suppose 84 = -4*r - o*r. What are the prime factors of (-6)/r - 832/(-28)?
2, 3, 5
Let x(d) = d**2 - 23*d - 20. Let s(g) = 3*g**2 - 68*g - 60. Let n(i) = 6*s(i) - 17*x(i). What are the prime factors of n(21)?
2
Let b be (5 + 4 + -711)/(-2). Suppose -86*m = -89*m + b. List the prime factors of m.
3, 13
Suppose c + 8 = 2*j, j - c = -0*c + 3. Suppose -j*a + 29 + 56 = 0. Suppose 14*n - a*n + 141 = 0. What are the prime factors of n?
47
Let s(j) = j**2 + 2*j + 3. Let c be s(4). Suppose 4 = -h + c. List the prime factors of h.
23
Let h = 16 + -14. Suppose -h*b = 3*b + 100. Let x = 32 + b. What are the prime factors of x?
2, 3
Suppose -444 = -9*p + 546. Let b = p + -37. What are the prime factors of b?
73
Suppose 5*t - 54 = -204. Let h = -114 - -54. Let n = t - h. What are the prime factors of n?
2, 3, 5
Let o be 4/6*3/(-1). Let q be o/(-9) + 284/18. Suppose -4*m + q = -28. List the prime factors of m.
11
Suppose 2691 = 3*g + 6*g. Suppose -5*n + 561 = -g. List the prime factors of n.
2, 43
Let t(f) = -76*f - f**3 + 9 + 8*f**2 - 1 + 69*f. What are the prime factors of t(5)?
2, 3
List the prime factors of (648 - 36) + (-7 - 0).
5, 11
Let z be 1/1*(117 - 13). Suppose -z = -4*t - 0*t. Suppose -20 = -2*w - 2*h, 0 + t = 2*w + 5*h. What are the prime factors of w?
2
Suppose 3*z - 5180 = -4*h, -4*z + 266*h - 262*h = -6916. List the prime factors of z.
2, 3
Let y(o) = -5*o + 14. Let m be y(13). Let i(s) = -54*s - 2. Let c be i(2). Let n = m - c. What are the prime factors of n?
59
Suppose 5*h = 3*o - 49, -4*h - 13 = 2*o - 53. Suppose -14 = 